{"id":822,"date":"2025-12-09T16:22:52","date_gmt":"2025-12-09T15:22:52","guid":{"rendered":"https:\/\/ligugesocial.club\/blog\/?post_type=tribe_events&#038;p=822"},"modified":"2025-12-09T16:22:53","modified_gmt":"2025-12-09T15:22:53","slug":"marche-de-noel-caritatif","status":"publish","type":"tribe_events","link":"https:\/\/ligugesocial.club\/blog\/event\/marche-de-noel-caritatif\/","title":{"rendered":"March\u00e9 de No\u00ebl caritatif"},"content":{"rendered":"<div  class=\"tribe-events-schedule tribe-clearfix\" >\n\t<p class=\"tribe-events-schedule__datetime\">\n\t\t<span class=\"tribe-events-schedule__date tribe-events-schedule__date--start\">\n\t\t\t5 d\u00e9cembre 2025\t\t<\/span>\n\n\t\t\t\t\t<span class=\"tribe-events-schedule__separator tribe-events-schedule__separator--date\">\n\t\t\t\t @ \t\t\t<\/span>\n\t\t\t<span class=\"tribe-events-schedule__time tribe-events-schedule__time--start\">\n\t\t\t\t18h00\t\t\t<\/span>\n\t\t\n\t\t\t\t\t\t\t\t\t<span class=\"tribe-events-schedule__separator tribe-events-schedule__separator--time\">\n\t\t\t\t\t &#8211; \t\t\t\t<\/span>\n\t\t\t\n\t\t\t\t\t\t\t<span class=\"tribe-events-schedule__time tribe-events-schedule__time--end\">\n\t\t\t\t\t19h00\t\t\t\t<\/span>\n\t\t\t\n\t\t\t\t\t\t<\/p>\n<\/div>\n\n\n\n<p>C&rsquo;est une premi\u00e8re pour les Ateliers Cord&rsquo;\u00e2ges!<\/p>\n\n\n\n<p>Nous organisons un march\u00e9 de No\u00ebl caritatif afin de r\u00e9colter des fonds pour notre association.<\/p>\n\n\n\n<p>Une dizaine d&rsquo;exposants seront pr\u00e9sents (bijoux, d\u00e9corations, biscuits, peintures, photos, illustrations, &#8230;)<br>Des massages \u00e0 petits prix, une exposition, des animations musicales, un conte musical, du chocolat et des cr\u00eapes !!<\/p>\n\n\n\n<p>Nous vous attendons nombreux pour cette premi\u00e8re \u00e9dition !!!<\/p>\n\n\n<div  class=\"tribe-block tribe-block__event-price\" >\n\t\t<\/div>\n\n\n<div  class=\"tribe-block tribe-block__organizer__details tribe-clearfix\" >\n\t<div class=\"tribe-block__organizer__title\">\n\t\t<h3>Les ateliers Cord&rsquo;\u00c2ges<\/h3>\n\t<\/div>\n\t\t\t<p class=\"tribe-block__organizer__phone\">05 86 98 02 00<\/p>\n\t\t\t\t<p class=\"tribe-block__organizer__website\"><a href=\"http:\/\/helloasso.com\/associations\/les-ateliers-cord-ages\" target=\"_blank\" rel=\"noopener noreferrer\">Voir le site Organisateur<\/a><\/p>\n\t\t\t\t<p class=\"tribe-block__organizer__email\">&#097;&#116;e&#108;iers&#099;orda&#103;&#101;&#115;&#049;8&#064;g&#109;a&#105;l.com<\/p>\n\t<\/div>\n\n\n<div  class=\"tribe-block tribe-block__venue tribe-clearfix tribe-block__venue--has-map\" >\n\t\n\t\n<div class=\"tribe-block__venue__meta\">\n\t<div class=\"tribe-block__venue__name\">\n\t\t<h3>Les Ateliers Cord&rsquo;\u00e2ges<\/h3>\n\t<\/div>\n\n\t\n\t\t\t\t\t\t<address class=\"tribe-block__venue__address\">\n\t\t\t\t<span class=\"tribe-address\">\n\n<span class=\"tribe-street-address\">15 all\u00e9e de la Providence<\/span>\n\t\n\t\t<br>\n\t\t<span class=\"tribe-locality\">POITIERS<\/span><span class=\"tribe-delimiter\">,<\/span>\n\n\n\t<span class=\"tribe-postal-code\">86000<\/span>\n\n\t<span class=\"tribe-country-name\">France<\/span>\n\n<\/span>\n\n\t\t\t\t\t\t\t\t\t<a class=\"tribe-events-gmap\" href=\"https:\/\/maps.google.com\/maps?f=q&#038;source=s_q&#038;hl=en&#038;geocode=&#038;q=15+all%C3%A9e+de+la+Providence+POITIERS+86000+France\" title=\"Cliquez pour voir une carte Google Map\" target=\"_blank\" rel=\"noreferrer noopener\">+ Google Map<\/a>\t\t\t\t\t\t\t<\/address>\n\t\t\n\t\t\t\t\t<span class=\"tribe-block__venue__phone\">05 86 98 02 00<\/span><br \/>\n\t\t\n\t\t\t\t\t<span class=\"tribe-block__venue__website\"><a href=\"http:\/\/helloasso.com\/associations\/les-ateliers-cord-ages\" target=\"_self\" rel=\"external\">Voir Lieu site web<\/a><\/span><br \/>\n\t\t\t\n\t<\/div>\n\t\n<div class=\"tribe-block__venue__map\">\n\t\n<iframe loading=\"lazy\"\n  title=\"L\u2018iframe Google maps affichant l\u2019adresse \u00e0 Les Ateliers Cord&rsquo;\u00e2ges\"\n  aria-label=\"Plan des lieux\"\n  width=\"310px\"\n  height=\"256px\"\n  frameborder=\"0\" style=\"border:0\"\n  src=\"https:\/\/www.google.com\/maps\/embed\/v1\/place?key=AIzaSyDNsicAsP6-VuGtAb1O9riI3oc_NOb7IOU&#038;q=15+all%C3%A9e+de+la+Providence+POITIERS+86000+France+&#038;zoom=10\" allowfullscreen>\n<\/iframe>\n<\/div>\n\n\t<\/div>\n\n\n\n\n\t<div  class=\"tribe-block tribe-block__events-link\" >\n\t\t<div class=\"tribe-events tribe-common\">\n\t\t\t<div class=\"tribe-events-c-subscribe-dropdown__container\">\n\t\t\t\t<div class=\"tribe-events-c-subscribe-dropdown\">\n\t\t\t\t\t<div class=\"tribe-common-c-btn-border tribe-events-c-subscribe-dropdown__button\">\n\t\t\t\t\t\t<svg\n\t class=\"tribe-common-c-svgicon tribe-common-c-svgicon--cal-export tribe-events-c-subscribe-dropdown__export-icon\" \taria-hidden=\"true\"\n\tviewBox=\"0 0 23 17\"\n\txmlns=\"http:\/\/www.w3.org\/2000\/svg\"\n>\n\t<path fill-rule=\"evenodd\" clip-rule=\"evenodd\" d=\"M.128.896V16.13c0 .211.145.383.323.383h15.354c.179 0 .323-.172.323-.383V.896c0-.212-.144-.383-.323-.383H.451C.273.513.128.684.128.896Zm16 6.742h-.901V4.679H1.009v10.729h14.218v-3.336h.901V7.638ZM1.01 1.614h14.218v2.058H1.009V1.614Z\" \/>\n\t<path d=\"M20.5 9.846H8.312M18.524 6.953l2.89 2.909-2.855 2.855\" stroke-width=\"1.2\" stroke-linecap=\"round\" stroke-linejoin=\"round\"\/>\n<\/svg>\n\t\t\t\t\t\t<button\n\t\t\t\t\t\t\tclass=\"tribe-events-c-subscribe-dropdown__button-text\"\n\t\t\t\t\t\t\taria-expanded=\"false\"\n\t\t\t\t\t\t\taria-controls=\"tribe-events-subscribe-dropdown-content\"\n\t\t\t\t\t\t\taria-label=\"Afficher les liens permettant d\u2019ajouter des \u00e9v\u00e8nements \u00e0 votre calendrier\"\n\t\t\t\t\t\t>\n\t\t\t\t\t\t\tAjouter au calendrier\t\t\t\t\t\t<\/button>\n\t\t\t\t\t\t<svg\n\t class=\"tribe-common-c-svgicon tribe-common-c-svgicon--caret-down tribe-events-c-subscribe-dropdown__button-icon\" \taria-hidden=\"true\"\n\tviewBox=\"0 0 10 7\"\n\txmlns=\"http:\/\/www.w3.org\/2000\/svg\"\n>\n\t<path fill-rule=\"evenodd\" clip-rule=\"evenodd\" d=\"M1.008.609L5 4.6 8.992.61l.958.958L5 6.517.05 1.566l.958-.958z\" class=\"tribe-common-c-svgicon__svg-fill\"\/>\n<\/svg>\n\t\t\t\t\t<\/div>\n\t\t\t\t\t<div id=\"tribe-events-subscribe-dropdown-content\" class=\"tribe-events-c-subscribe-dropdown__content\">\n\t\t\t\t\t\t<ul class=\"tribe-events-c-subscribe-dropdown__list\">\n\t\t\t\t\t\t\t\t\t\t\t\t\t\t\t<li class=\"tribe-events-c-subscribe-dropdown__list-item tribe-events-c-subscribe-dropdown__list-item--gcal\">\n\t\t\t\t\t\t\t\t\t<a\n\t\t\t\t\t\t\t\t\t\thref=\"https:\/\/www.google.com\/calendar\/event?action=TEMPLATE&#038;dates=20251205T180000\/20251205T190000&#038;text=March%C3%A9%20de%20No%C3%ABl%20caritatif&#038;details=%3Cp%3EC%27est+une+premi%C3%A8re+pour+les+Ateliers+Cord%27%C3%A2ges%21%3C%2Fp%3E+%3Cp%3ENous+organisons+un+march%C3%A9+de+No%C3%ABl+caritatif+afin+de+r%C3%A9colter+des+fonds+pour+notre+association.%3C%2Fp%3E+%3Cp%3EUne+dizaine+d%27exposants+seront+pr%C3%A9sents+%28bijoux%2C+d%C3%A9corations%2C+biscuits%2C+peintures%2C+photos%2C+illustrations%2C+...%29%3Cbr%3EDes+massages+%C3%A0+petits+prix%2C+une+exposition%2C+des+animations+musicales%2C+un+conte+musical%2C+du+chocolat+et+des+cr%C3%AApes+%21%21%3C%2Fp%3E+%3Cp%3ENous+vous+attendons+nombreux+pour+cette+premi%C3%A8re+%C3%A9dition+%21%21%21%3C%2Fp%3E+&#038;location=Les%20Ateliers%20Cord&rsquo;\u00e2ges,%2015%20all\u00e9e%20de%20la%20Providence,%20POITIERS,%2086000,%20France&#038;trp=false&#038;ctz=Europe\/Paris&#038;sprop=website:https:\/\/ligugesocial.club\/blog\"\n\t\t\t\t\t\t\t\t\t\tclass=\"tribe-events-c-subscribe-dropdown__list-item-link\"\n\t\t\t\t\t\t\t\t\t\ttarget=\"_blank\"\n\t\t\t\t\t\t\t\t\t\trel=\"noopener noreferrer nofollow noindex\"\n\t\t\t\t\t\t\t\t\t>\n\t\t\t\t\t\t\t\t\t\tGoogle Agenda\t\t\t\t\t\t\t\t\t<\/a>\n\t\t\t\t\t\t\t\t<\/li>\n\t\t\t\t\t\t\t\t\t\t\t\t\t\t\t<li class=\"tribe-events-c-subscribe-dropdown__list-item tribe-events-c-subscribe-dropdown__list-item--ical\">\n\t\t\t\t\t\t\t\t\t<a\n\t\t\t\t\t\t\t\t\t\thref=\"\"\n\t\t\t\t\t\t\t\t\t\tclass=\"tribe-events-c-subscribe-dropdown__list-item-link\"\n\t\t\t\t\t\t\t\t\t\ttarget=\"_blank\"\n\t\t\t\t\t\t\t\t\t\trel=\"noopener noreferrer nofollow noindex\"\n\t\t\t\t\t\t\t\t\t>\n\t\t\t\t\t\t\t\t\t\tiCalendar\t\t\t\t\t\t\t\t\t<\/a>\n\t\t\t\t\t\t\t\t<\/li>\n\t\t\t\t\t\t\t\t\t\t\t\t\t\t\t<li class=\"tribe-events-c-subscribe-dropdown__list-item tribe-events-c-subscribe-dropdown__list-item--outlook-365\">\n\t\t\t\t\t\t\t\t\t<a\n\t\t\t\t\t\t\t\t\t\thref=\"\"\n\t\t\t\t\t\t\t\t\t\tclass=\"tribe-events-c-subscribe-dropdown__list-item-link\"\n\t\t\t\t\t\t\t\t\t\ttarget=\"_blank\"\n\t\t\t\t\t\t\t\t\t\trel=\"noopener noreferrer nofollow noindex\"\n\t\t\t\t\t\t\t\t\t>\n\t\t\t\t\t\t\t\t\t\tOutlook 365\t\t\t\t\t\t\t\t\t<\/a>\n\t\t\t\t\t\t\t\t<\/li>\n\t\t\t\t\t\t\t\t\t\t\t\t\t\t\t<li class=\"tribe-events-c-subscribe-dropdown__list-item tribe-events-c-subscribe-dropdown__list-item--outlook-live\">\n\t\t\t\t\t\t\t\t\t<a\n\t\t\t\t\t\t\t\t\t\thref=\"\"\n\t\t\t\t\t\t\t\t\t\tclass=\"tribe-events-c-subscribe-dropdown__list-item-link\"\n\t\t\t\t\t\t\t\t\t\ttarget=\"_blank\"\n\t\t\t\t\t\t\t\t\t\trel=\"noopener noreferrer nofollow noindex\"\n\t\t\t\t\t\t\t\t\t>\n\t\t\t\t\t\t\t\t\t\tOutlook Live\t\t\t\t\t\t\t\t\t<\/a>\n\t\t\t\t\t\t\t\t<\/li>\n\t\t\t\t\t\t\t\t\t\t\t\t\t<\/ul>\n\t\t\t\t\t<\/div>\n\t\t\t\t<\/div>\n\t\t\t<\/div>\n\t\t<\/div>\n\t<\/div>\n\n","protected":false},"excerpt":{"rendered":"<p>C&rsquo;est une premi\u00e8re pour les Ateliers Cord&rsquo;\u00e2ges! Nous organisons un march\u00e9 de No\u00ebl caritatif afin de r\u00e9colter des fonds pour notre association. Une dizaine d&rsquo;exposants seront pr\u00e9sents (bijoux, d\u00e9corations, biscuits,&#8230;<\/p>\n","protected":false},"author":2,"featured_media":826,"template":"","meta":{"_EventAllDay":false,"_EventTimezone":"Europe\/Paris","_EventStartDate":"2025-12-05 18:00:00","_EventEndDate":"2025-12-05 19:00:00","_EventStartDateUTC":"2025-12-05 17:00:00","_EventEndDateUTC":"2025-12-05 18:00:00","_EventShowMap":false,"_EventShowMapLink":false,"_EventURL":"","_EventCost":"","_EventCostDescription":"","_EventCurrencySymbol":"\u20ac","_EventCurrencyCode":"EUR","_EventCurrencyPosition":"suffix","_EventDateTimeSeparator":" @ ","_EventTimeRangeSeparator":" - ","_EventOrganizerID":[823],"_EventVenueID":[824],"_OrganizerEmail":"","_OrganizerPhone":"","_OrganizerWebsite":"","_VenueAddress":"","_VenueCity":"","_VenueCountry":"","_VenueProvince":"","_VenueState":"","_VenueZip":"","_VenuePhone":"","_VenueURL":"","_VenueStateProvince":"","_VenueLat":"","_VenueLng":"","_VenueShowMap":false,"_VenueShowMapLink":false,"_kadence_starter_templates_imported_post":false,"_kad_post_transparent":"","_kad_post_title":"","_kad_post_layout":"","_kad_post_sidebar_id":"","_kad_post_content_style":"","_kad_post_vertical_padding":"","_kad_post_feature":"","_kad_post_feature_position":"","_kad_post_header":false,"_kad_post_footer":false,"_kad_post_classname":"","_tribe_events_status":"","_tribe_events_status_reason":"","footnotes":""},"tags":[],"tribe_events_cat":[],"class_list":["post-822","tribe_events","type-tribe_events","status-publish","has-post-thumbnail","hentry"],"_links":{"self":[{"href":"https:\/\/ligugesocial.club\/blog\/wp-json\/wp\/v2\/tribe_events\/822","targetHints":{"allow":["GET"]}}],"collection":[{"href":"https:\/\/ligugesocial.club\/blog\/wp-json\/wp\/v2\/tribe_events"}],"about":[{"href":"https:\/\/ligugesocial.club\/blog\/wp-json\/wp\/v2\/types\/tribe_events"}],"author":[{"embeddable":true,"href":"https:\/\/ligugesocial.club\/blog\/wp-json\/wp\/v2\/users\/2"}],"version-history":[{"count":1,"href":"https:\/\/ligugesocial.club\/blog\/wp-json\/wp\/v2\/tribe_events\/822\/revisions"}],"predecessor-version":[{"id":827,"href":"https:\/\/ligugesocial.club\/blog\/wp-json\/wp\/v2\/tribe_events\/822\/revisions\/827"}],"wp:featuredmedia":[{"embeddable":true,"href":"https:\/\/ligugesocial.club\/blog\/wp-json\/wp\/v2\/media\/826"}],"wp:attachment":[{"href":"https:\/\/ligugesocial.club\/blog\/wp-json\/wp\/v2\/media?parent=822"}],"wp:term":[{"taxonomy":"post_tag","embeddable":true,"href":"https:\/\/ligugesocial.club\/blog\/wp-json\/wp\/v2\/tags?post=822"},{"taxonomy":"tribe_events_cat","embeddable":true,"href":"https:\/\/ligugesocial.club\/blog\/wp-json\/wp\/v2\/tribe_events_cat?post=822"}],"curies":[{"name":"wp","href":"https:\/\/api.w.org\/{rel}","templated":true}]}}

Marché de Noël caritatif

<div  class="tribe-events-schedule tribe-clearfix" >
	<p class="tribe-events-schedule__datetime">
		<span class="tribe-events-schedule__date tribe-events-schedule__date--start">
			5 décembre 2025		</span>

					<span class="tribe-events-schedule__separator tribe-events-schedule__separator--date">
				 @ 			</span>
			<span class="tribe-events-schedule__time tribe-events-schedule__time--start">
				18h00			</span>
		
									<span class="tribe-events-schedule__separator tribe-events-schedule__separator--time">
					 &#8211; 				</span>
			
							<span class="tribe-events-schedule__time tribe-events-schedule__time--end">
					19h00				</span>
			
						</p>
</div>



<p>C&rsquo;est une première pour les Ateliers Cord&rsquo;âges!</p>



<p>Nous organisons un marché de Noël caritatif afin de récolter des fonds pour notre association.</p>



<p>Une dizaine d&rsquo;exposants seront présents (bijoux, décorations, biscuits, peintures, photos, illustrations, &#8230;)<br>Des massages à petits prix, une exposition, des animations musicales, un conte musical, du chocolat et des crêpes !!</p>



<p>Nous vous attendons nombreux pour cette première édition !!!</p>


<div  class="tribe-block tribe-block__event-price" >
		</div>


<div  class="tribe-block tribe-block__organizer__details tribe-clearfix" >
	<div class="tribe-block__organizer__title">
		<h3>Les ateliers Cord&rsquo;Âges</h3>
	</div>
			<p class="tribe-block__organizer__phone">05 86 98 02 00</p>
				<p class="tribe-block__organizer__website"><a href="http://helloasso.com/associations/les-ateliers-cord-ages" target="_blank" rel="noopener noreferrer">Voir le site Organisateur</a></p>
				<p class="tribe-block__organizer__email">&#097;&#116;e&#108;iers&#099;orda&#103;&#101;&#115;&#049;8&#064;g&#109;a&#105;l.com</p>
	</div>


<div  class="tribe-block tribe-block__venue tribe-clearfix tribe-block__venue--has-map" >
	
	
<div class="tribe-block__venue__meta">
	<div class="tribe-block__venue__name">
		<h3>Les Ateliers Cord&rsquo;âges</h3>
	</div>

	
						<address class="tribe-block__venue__address">
				<span class="tribe-address">

<span class="tribe-street-address">15 allée de la Providence</span>
	
		<br>
		<span class="tribe-locality">POITIERS</span><span class="tribe-delimiter">,</span>


	<span class="tribe-postal-code">86000</span>

	<span class="tribe-country-name">France</span>

</span>

									<a class="tribe-events-gmap" href="https://maps.google.com/maps?f=q&#038;source=s_q&#038;hl=en&#038;geocode=&#038;q=15+all%C3%A9e+de+la+Providence+POITIERS+86000+France" title="Cliquez pour voir une carte Google Map" target="_blank" rel="noreferrer noopener">+ Google Map</a>							</address>
		
					<span class="tribe-block__venue__phone">05 86 98 02 00</span><br />
		
					<span class="tribe-block__venue__website"><a href="http://helloasso.com/associations/les-ateliers-cord-ages" target="_self" rel="external">Voir Lieu site web</a></span><br />
			
	</div>
	
<div class="tribe-block__venue__map">
	
<iframe loading="lazy"
  title="L‘iframe Google maps affichant l’adresse à Les Ateliers Cord&rsquo;âges"
  aria-label="Plan des lieux"
  width="310px"
  height="256px"
  frameborder="0" style="border:0"
  src="https://www.google.com/maps/embed/v1/place?key=AIzaSyDNsicAsP6-VuGtAb1O9riI3oc_NOb7IOU&#038;q=15+all%C3%A9e+de+la+Providence+POITIERS+86000+France+&#038;zoom=10" allowfullscreen>
</iframe>
</div>

	</div>




	<div  class="tribe-block tribe-block__events-link" >
		<div class="tribe-events tribe-common">
			<div class="tribe-events-c-subscribe-dropdown__container">
				<div class="tribe-events-c-subscribe-dropdown">
					<div class="tribe-common-c-btn-border tribe-events-c-subscribe-dropdown__button">
						<svg
	 class="tribe-common-c-svgicon tribe-common-c-svgicon--cal-export tribe-events-c-subscribe-dropdown__export-icon" 	aria-hidden="true"
	viewBox="0 0 23 17"
	xmlns="http://www.w3.org/2000/svg"
>
	<path fill-rule="evenodd" clip-rule="evenodd" d="M.128.896V16.13c0 .211.145.383.323.383h15.354c.179 0 .323-.172.323-.383V.896c0-.212-.144-.383-.323-.383H.451C.273.513.128.684.128.896Zm16 6.742h-.901V4.679H1.009v10.729h14.218v-3.336h.901V7.638ZM1.01 1.614h14.218v2.058H1.009V1.614Z" />
	<path d="M20.5 9.846H8.312M18.524 6.953l2.89 2.909-2.855 2.855" stroke-width="1.2" stroke-linecap="round" stroke-linejoin="round"/>
</svg>
						<button
							class="tribe-events-c-subscribe-dropdown__button-text"
							aria-expanded="false"
							aria-controls="tribe-events-subscribe-dropdown-content"
							aria-label="Afficher les liens permettant d’ajouter des évènements à votre calendrier"
						>
							Ajouter au calendrier						</button>
						<svg
	 class="tribe-common-c-svgicon tribe-common-c-svgicon--caret-down tribe-events-c-subscribe-dropdown__button-icon" 	aria-hidden="true"
	viewBox="0 0 10 7"
	xmlns="http://www.w3.org/2000/svg"
>
	<path fill-rule="evenodd" clip-rule="evenodd" d="M1.008.609L5 4.6 8.992.61l.958.958L5 6.517.05 1.566l.958-.958z" class="tribe-common-c-svgicon__svg-fill"/>
</svg>
					</div>
					<div id="tribe-events-subscribe-dropdown-content" class="tribe-events-c-subscribe-dropdown__content">
						<ul class="tribe-events-c-subscribe-dropdown__list">
															<li class="tribe-events-c-subscribe-dropdown__list-item tribe-events-c-subscribe-dropdown__list-item--gcal">
									<a
										href="https://www.google.com/calendar/event?action=TEMPLATE&#038;dates=20251205T180000/20251205T190000&#038;text=March%C3%A9%20de%20No%C3%ABl%20caritatif&#038;details=%3Cp%3EC%27est+une+premi%C3%A8re+pour+les+Ateliers+Cord%27%C3%A2ges%21%3C%2Fp%3E+%3Cp%3ENous+organisons+un+march%C3%A9+de+No%C3%ABl+caritatif+afin+de+r%C3%A9colter+des+fonds+pour+notre+association.%3C%2Fp%3E+%3Cp%3EUne+dizaine+d%27exposants+seront+pr%C3%A9sents+%28bijoux%2C+d%C3%A9corations%2C+biscuits%2C+peintures%2C+photos%2C+illustrations%2C+...%29%3Cbr%3EDes+massages+%C3%A0+petits+prix%2C+une+exposition%2C+des+animations+musicales%2C+un+conte+musical%2C+du+chocolat+et+des+cr%C3%AApes+%21%21%3C%2Fp%3E+%3Cp%3ENous+vous+attendons+nombreux+pour+cette+premi%C3%A8re+%C3%A9dition+%21%21%21%3C%2Fp%3E+&#038;location=Les%20Ateliers%20Cord&rsquo;âges,%2015%20allée%20de%20la%20Providence,%20POITIERS,%2086000,%20France&#038;trp=false&#038;ctz=Europe/Paris&#038;sprop=website:https://ligugesocial.club/blog"
										class="tribe-events-c-subscribe-dropdown__list-item-link"
										target="_blank"
										rel="noopener noreferrer nofollow noindex"
									>
										Google Agenda									</a>
								</li>
															<li class="tribe-events-c-subscribe-dropdown__list-item tribe-events-c-subscribe-dropdown__list-item--ical">
									<a
										href=""
										class="tribe-events-c-subscribe-dropdown__list-item-link"
										target="_blank"
										rel="noopener noreferrer nofollow noindex"
									>
										iCalendar									</a>
								</li>
															<li class="tribe-events-c-subscribe-dropdown__list-item tribe-events-c-subscribe-dropdown__list-item--outlook-365">
									<a
										href=""
										class="tribe-events-c-subscribe-dropdown__list-item-link"
										target="_blank"
										rel="noopener noreferrer nofollow noindex"
									>
										Outlook 365									</a>
								</li>
															<li class="tribe-events-c-subscribe-dropdown__list-item tribe-events-c-subscribe-dropdown__list-item--outlook-live">
									<a
										href=""
										class="tribe-events-c-subscribe-dropdown__list-item-link"
										target="_blank"
										rel="noopener noreferrer nofollow noindex"
									>
										Outlook Live									</a>
								</li>
													</ul>
					</div>
				</div>
			</div>
		</div>
	</div>

<p>C&rsquo;est une première pour les Ateliers Cord&rsquo;âges! Nous organisons un marché de Noël caritatif afin de récolter des fonds pour notre association. Une dizaine d&rsquo;exposants seront présents (bijoux, décorations, biscuits,&#8230;</p>
